{"id":64,"date":"2016-11-23T02:37:45","date_gmt":"2016-11-23T02:37:45","guid":{"rendered":"http:\/\/pasosegurocs.com\/?page_id=64"},"modified":"2022-08-10T20:16:54","modified_gmt":"2022-08-10T20:16:54","slug":"seguros-para-equipos","status":"publish","type":"page","link":"https:\/\/pasosegurocs.com\/?page_id=64","title":{"rendered":"Equipos Electr\u00f3nicos"},"content":{"rendered":"<body>\t\t<div data-elementor-type=\"wp-page\" data-elementor-id=\"64\" class=\"elementor elementor-64\">\n\t\t\t\t\t\t<section class=\"elementor-section elementor-top-section elementor-element elementor-element-5cbdb4b8 elementor-section-stretched elementor-section-boxed elementor-section-height-default elementor-section-height-default\" data-id=\"5cbdb4b8\" data-element_type=\"section\" data-e-type=\"section\" data-settings='{\"stretch_section\":\"section-stretched\"}'>\n\t\t\t\t\t\t<div class=\"elementor-container elementor-column-gap-default\">\n\t\t\t\t\t<div class=\"elementor-column elementor-col-100 elementor-top-column elementor-element elementor-element-64e247a9\" data-id=\"64e247a9\" data-element_type=\"column\" data-e-type=\"column\">\n\t\t\t<div class=\"elementor-widget-wrap elementor-element-populated\">\n\t\t\t\t\t\t<div class=\"elementor-element elementor-element-10fe4a13 elementor-widget elementor-widget-text-editor\" data-id=\"10fe4a13\" data-element_type=\"widget\" data-e-type=\"widget\" data-widget_type=\"text-editor.default\">\n\t\t\t\t<div class=\"elementor-widget-container\">\n\t\t\t\t\t\t\t\t\t<p><span style=\"color: var(--sydney-text-color); font-family: helvetica, arial, sans-serif; font-size: 12pt; text-align: justify;\">La p\u00f3liza de Equipos est\u00e1 destinada a brindar cobertura ante los da\u00f1os que puedan sufrir los mismos a consecuencia de un accidente imprevisto.<\/span><u><\/u><\/p>\t\t\t\t\t\t\t\t<\/div>\n\t\t\t\t<\/div>\n\t\t\t\t\t<\/div>\n\t\t<\/div>\n\t\t\t\t\t<\/div>\n\t\t<\/section>\n\t\t\t\t<\/div>\n\t\t<\/body>","protected":false},"excerpt":{"rendered":"<p>La p\u00f3liza de Equipos est\u00e1 destinada a brindar cobertura ante los da\u00f1os que puedan sufrir los mismos a consecuencia de un accidente [&hellip;]<\/p>\n","protected":false},"author":1,"featured_media":0,"parent":0,"menu_order":0,"comment_status":"closed","ping_status":"closed","template":"","meta":{"footnotes":""},"class_list":["post-64","page","type-page","status-publish","hentry"],"_links":{"self":[{"href":"https:\/\/pasosegurocs.com\/index.php?rest_route=\/wp\/v2\/pages\/64","targetHints":{"allow":["GET"]}}],"collection":[{"href":"https:\/\/pasosegurocs.com\/index.php?rest_route=\/wp\/v2\/pages"}],"about":[{"href":"https:\/\/pasosegurocs.com\/index.php?rest_route=\/wp\/v2\/types\/page"}],"author":[{"embeddable":true,"href":"https:\/\/pasosegurocs.com\/index.php?rest_route=\/wp\/v2\/users\/1"}],"replies":[{"embeddable":true,"href":"https:\/\/pasosegurocs.com\/index.php?rest_route=%2Fwp%2Fv2%2Fcomments&post=64"}],"version-history":[{"count":5,"href":"https:\/\/pasosegurocs.com\/index.php?rest_route=\/wp\/v2\/pages\/64\/revisions"}],"predecessor-version":[{"id":779,"href":"https:\/\/pasosegurocs.com\/index.php?rest_route=\/wp\/v2\/pages\/64\/revisions\/779"}],"wp:attachment":[{"href":"https:\/\/pasosegurocs.com\/index.php?rest_route=%2Fwp%2Fv2%2Fmedia&parent=64"}],"curies":[{"name":"wp","href":"https:\/\/api.w.org\/{rel}","templated":true}]}}